ime number?
True
Let t(c) be the third derivative of -c**6/120 - 2*c**5/15 + 5*c**4/12 - 5*c**3/6 - 23*c**2. Let r be t(-9). Is (-2)/(-7) + (-10762)/r a prime number?
True
Suppose f = 7 - 5. Let x be f/(-3)*(-27)/(-2). Is (21/(-14))/((-2)/((-1164)/x)) composite?
False
Let y(q) = 4333*q + 3417. Is y(10) a prime number?
True
Let r(i) = i**2 + 12*i + 11. Let d be r(-12). Suppose d = -3*s - 4*o, 2*o = s - o - 18. Suppose 2*c = -s*c + 795. Is c a prime number?
False
Let s(d) = 107*d**3 - 2*d**2 + 5*d - 7. Suppose 8*j = 30 + 2. Suppose -18 = -5*z + 4*n, 5*z = -3*n + j*n + 12. Is s(z) prime?
False
Suppose -5*m + 202018 = 2*o, 0 = -o + m + 14515 + 86480. Is o composite?
False
Let u(w) = 119*w**2 - 15*w + 3. Let y(d) = -237*d**2 + 29*d - 5. Let p(n) = 13*u(n) + 6*y(n). Is p(-5) a prime number?
False
Suppose 185*o - 186*o - 11189 = 0. Let p = o + 20948. Is p a composite number?
True
Let v(a) = a**3 - 8*a**2 + 19*a - 8. Let d be v(3). Suppose -3*x - 109 = -6*l + 5*l, 4*l + d*x = 404. Is l composite?
False
Let l be ((-2070)/36)/((-2)/4). Let k = l - 56. Is k composite?
False
Let o(i) be the second derivative of 1961*i**4/12 + 4*i**2 - 9*i - 1. Is o(3) prime?
True
Let d = 206789 - 117198. Suppose -5*j = -d - 12854. Is j a prime number?
False
Suppose 3*p = 4*p + 4*m - 289835, -4*p = -m - 1159272. Is p composite?
True
Suppose -2*s = -4*q - 16, 0 = -4*s + 8*q - 13*q - 7. Suppose t = 2*t - 4*m - 57879, -115770 = -s*t - 4*m. Is t prime?
False
Is (((-2)/4)/(39/(-65372190)))/(3/3) a composite number?
True
Suppose 0 = -41*u + 3277467 + 2272744. Is u a prime number?
False
Let t(z) = 203*z**3 + 8*z**2 - 88*z + 21. Is t(6) a composite number?
True
Suppose 108*i + 64 = 116*i. Let h(b) = b. Let l be h(5). Suppose i*p - 1905 = l*p. Is p a composite number?
True
Suppose -5*n + 5*j = -23800, -3*n - j + 14284 = -2*j. Suppose 4*t = -f - 51 + n, 3*t - 23572 = -5*f. Suppose 5*r - 560 - f = 0. Is r composite?
True
Let m = 186976 - 19799. Is m composite?
False
Suppose 5*d + 3*b - 6470452 = 0, -4*b - 5683602 = -3*d - 1801296. Is d a prime number?
False
Let s be (-3)/(-2)*71892/27. Suppose -5*z = -4*c - s, -3*z - 2*c + 2414 = -0*z. Suppose l + 5*d = 294, -3*l + 4*d + z = 3*d. Is l composite?
False
Suppose 4*n + 5*j + 181689 = 0, -3*j - 136266 = 2*n + n. Let c = -76219 - n. Is 4/2*(c/(-12) - 1) composite?
True
Is 70/10*1582238/49 a composite number?
True
Let q be (1/2)/(107844/21568 - 5). Suppose -8*z + q = 816. Is z a prime number?
False
Let t(l) = 182*l + 289. Is t(21) composite?
False
Suppose -91*p + 99*p - 299348214 = -178*p. Is p a prime number?
False
Let t(w) = w**2 - 2. Let b be t(4). Suppose -b = 53*m - 55*m. Suppose -5*x - 3*k = -1239, 4*x - m*k = -5*k + 1000. Is x a composite number?
True
Let f = 21749 - 15378. Is f a composite number?
True
Let g be (1*2/1)/1. Suppose -h + 5*w = 2*w - 11, h + g*w + 14 = 0. Is h/(-6) - ((-100470)/(-18))/(-5) a composite number?
False
Suppose -19*j + 2298987 + 2136802 - 740840 = 0. Is j prime?
True
Suppose 6 = -3*s, 2*s = 8*n - 3*n - 841809. Is n a composite number?
True
Suppose 152*f = 149*f - 522. Let m = f + 532. Is m composite?
True
Let o be 596/16*39 - 18/(-72). Let k(a) = -a**2 - 4*a. Let m be k(-3). Suppose f = v + 1449, -m*f - v + o = -2*f. Is f a prime number?
True
Let p = 348645 + 34202. Suppose 0 = -31*j + p + 231914. Is j prime?
False
Suppose -4*w = 10*w - 980069 - 2968673. Is w prime?
True
Let i(q) = 6*q**3 + 17*q**2 + 1033*q + 4. Is i(38) prime?
False
Let p(h) = 389 - 3*h**3 - 13*h - 385 + 12*h**2 + 4*h**3. Let t be p(-13). Suppose -4*s + t*m + 6064 = 0, 4*m + 3380 + 4195 = 5*s. Is s a composite number?
False
Let f be 2/15 - (-73)/15. Suppose f*c + v + 921 = 4289, 2*v = -5*c + 3371. Is c prime?
True
Let a = -5 - 5. Let f = -15 - a. Is f/(-10)*(2 - -660) prime?
True
Let a(s) be the second derivative of -s**5/20 - 17*s**4/12 + s**3/6 - 7*s**2 - 2*s + 20. Is a(-37) composite?
False
Let k(v) = -2*v + 6 - 14 - 4*v + v. Let o be k(-2). Let n(c) = 248*c + 5. Is n(o) composite?
True
Suppose -5*f = -5*i - 22184 + 135024, 4*i - 5*f = 90266. Is i prime?
False
Let l(s) = 73*s**3 + 13*s**2 - 19*s - 42. Is l(11) prime?
False
Let x be 4/(-26) + (-294480)/(-26). Let o = x + -3464. Suppose 4*n + h - o = -h, 5909 = 3*n + 4*h. Is n prime?
False
Let h = -382 + 859. Suppose a = -4*a. Suppose a = -4*c + 727 + h. Is c prime?
False
Let k(z) = -z**2 + 2 + 3 + 2 - 6 + z. Let w(t) = -34*t**2 - 7*t - 5. Let r(h) = 3*k(h) - w(h). Is r(-9) a composite number?
True
Suppose 5*g - 9*g - 456 = 0. Let j be -2 + -1 - (1 + g)*3. Let l = j - -1557. Is l a composite number?
True
Suppose 7*y = 2*k + 3*y + 8, -4*k + 2*y + 14 = 0. Suppose -4*r - 10 = k. Is r - (-2)/(-3)*(-10941)/14 composite?
True
Let z be (2/4)/(-8*11/(-176)). Let q(s) = 7149*s**3 + s**2 - s + 2. Is q(z) prime?
True
Is (-4713)/2*23/(759/(-154)) prime?
False
Suppose -9 = b - 2*s, 11*s - 15 = 6*s. Let u(q) = 12*q**2 - 4. Let n(m) = 25*m**2 + m - 8. Let p(j) = -3*n(j) + 7*u(j). Is p(b) prime?
False
Let g be ((-10)/8)/((-10)/(6 - -34)). Suppose -23592 = -g*d + 1543. Is d composite?
True
Suppose 4*x = -2*w + 10038, 2*x + 0*x - 5017 = -3*w. Is x/6 - 6/(-9) composite?
False
Suppose 0 = -16*r + 67062 + 1146266. Is r prime?
True
Let k(p) = 49*p**3 + 7*p**2 - 82*p + 26. Let w be k(13). Suppose 6*u = -6*u + w. Is u composite?
True
Let a be 2107/172 - (-1)/(-4). Suppose 20*r = a*r + 151576. Is r prime?
True
Let l(r) = 1330*r**2 - 518*r + 4549. Is l(9) composite?
True
Suppose 4*d = -4*m + 881342 + 1275206, -4*m = 5*d - 2695689. Is d a composite number?
False
Let y(v) = 304*v**2 + 45*v + 52. Is y(-25) composite?
False
Suppose 15*n = 12*n + 15, -8*a + 87764 = -4*n. Is a composite?
False
Let f(w) = -w - 4. Let q be f(-4). Let l(i) = 3*i + 807. Let v be l(q). Let p = 2002 - v. Is p composite?
True
Suppose 0 = -198*y + 182*y + 6486224. Is y a composite number?
True
Let s = 250876 - 159406. Suppose 18*p = 12*p + s. Is p prime?
False
Suppose -2*n - 2*t - t = 0, 2*n + 16 = t. Let b(v) = 50*v**2 - 16*v + 131. Let y be b(34). Is 3/(63/n) - y/(-77) prime?
False
Suppose 24*w - 178542 = 11*w. Suppose z - w = v, 7*z - 2*z - 68680 = 3*v. Is z composite?
True
Let d = 3102 + -1678. Let g be 7/(-21) - d/(-6). Let k = g - -14. Is k a prime number?
True
Suppose -240*s = 22394389 - 400780069. Is s prime?
False
Is 105359*2*149/298 a prime number?
True
Suppose 108500 = 7*s + 19922. Suppose 6*v - s = 16512. Is v prime?
True
Let r(x) = 3*x - 6 - x**3 + 4*x**3 + 8*x - 2*x**3 - 11*x**2. Let a be r(10). Suppose 4*g - i = 1040, a*i + 534 = g + g. Is g a prime number?
False
Suppose 5*n = 4*n + 442. Let l = -281 + n. Is l a composite number?
True
Let v be 1*((-8066)/5)/(10/(-25)). Suppose 35*q - 38*q - v = -4*j, -2*q + 4038 = 4*j. Is j a composite number?
False
Let z be 1823/(-4) - 6/(-8). Let p = z - -786. Let f = p + -220. Is f prime?
False
Let v(k) be the first derivative of -47*k**4 + k**3/3 - k**2/2 + k + 12. Let i be v(-2). Suppose -u = 2*p - 610, -5*p = 4*u - i - 14. Is p a composite number?
True
Suppose -f = -2*u - 28919 - 37300, -4*u + 16 = 0. Is f composite?
True
Suppose h - 58418 = 3*b, -12*b + 17*b + 25 = 0. Is h prime?
True
Let q = -400 - -510. Suppose -106*b - 54724 = -q*b. Is b composite?
False
Let j(d) = d**2 + 7*d - 8. Let g be j(-8). Suppose g = 8*r - 11*r + 27651. Is r a composite number?
True
Suppose -3*h + 0*k + 3*k = -189576, 0 = 5*h - 4*k - 315959. Is h prime?
False
Suppose 8*z - 59 - 29 = 0. Suppose z*g - 6*g + 5 = 0. Is (g/(-2))/(1/1282) composite?
False
Suppose 232*w - 267*w = -26151965. Is w a composite number?
False
Let g(c) = c**2 - 40*c - 16. Let h be g(13). Let j = 6320 + h. Is j prime?
True
Suppose 1442*f - 1253215 = 1437*f. Is f a prime number?
True
Suppose 2*f = -f - 6. Let m be 0 - f/((-1)/1). Is (210/45)/(m/(-1191)) prime?
False
Let j(n) = -69012*n + 4169. Is j(-8) a prime number?
False
Let r(z) = z**3 - 11*z + 12. Let k be r(3). Let l(o) = o**3 - 5*o**2 - 5. Let c be l(4). Is k/c - 99594/(-42) composite?
False
Let k(s) = -7*s**2 - 35*s + 41. Let g(h) = -h. Let v(w) = 5*g(w) - k(w). Is v(26) a composite number?
False
Let r(u) = 270*u**3 + 2*u**2 - 22. Let s(j) = 135*j**3 + j**2 - 13. Let m(d) = -4*r(d) + 7*s(d). Suppose 3*q + 6 + 0 = 0. Is m(q) a composite number?
True
Suppose 29510 + 9055 = 5*g. Suppo